is 45 - -1511304?
1511352
In base 3, what is -2202221110201 - -100?
-2202221110101
In base 6, what is -445 + -112152544?
-112153433
In base 2, what is 10011 - -1001110101000101011?
1001110101000111110
In base 5, what is -1312301223031 - -3?
-1312301223023
In base 11, what is 29 + -268172?
-268144
In base 12, what is 94 + -49ba55?
-49b981
In base 2, what is 110110101110101 - -10000010111110?
1000111000110011
In base 16, what is 1d2a + -2aa9?
-d7f
In base 2, what is -1011011001011001 + 101?
-1011011001010100
In base 5, what is 10 - 30044014043?
-30044014033
In base 7, what is 1145 - 423615?
-422440
In base 10, what is -74 + -1056996?
-1057070
In base 3, what is -10002100001010 + 100?
-10002100000210
In base 10, what is 3569 - 28208?
-24639
In base 11, what is -32a2029 - -3?
-32a2026
In base 14, what is -47 - 935852?
-935899
In base 6, what is -10533002401 - -3?
-10533002354
In base 15, what is -2b1 + 4382?
40c1
In base 8, what is -2020450 - -701?
-2017547
In base 8, what is -2 + -6113427?
-6113431
In base 6, what is 141 + 2230243?
2230424
In base 5, what is 12 - 404240424?
-404240412
In base 16, what is 3 - 1607f9?
-1607f6
In base 8, what is 16027 + 32346?
50375
In base 5, what is -30333413331 + 10?
-30333413321
In base 3, what is 110112111 + 102010112?
212200000
In base 4, what is 11 + 33133112312220?
33133112312231
In base 5, what is -323012041 + 124?
-323011412
In base 3, what is -2201101201201101 - -11?
-2201101201201020
In base 9, what is -621 - 274120?
-274741
In base 4, what is 3113010313 - -130?
3113011103
In base 7, what is 6613453 - -16?
6613502
In base 11, what is -2021a0462 + -5?
-2021a0467
In base 2, what is -11111101111101100100010100 - 0?
-11111101111101100100010100
In base 6, what is 124023205 - -5?
124023214
In base 11, what is 1a - -6160639?
6160658
In base 8, what is -252 - 103157?
-103431
In base 14, what is 664 - 36c1d?
-36599
In base 9, what is 2 - -238376831?
238376833
In base 14, what is 2a4a256 - -3?
2a4a259
In base 13, what is -b + -acb9c6?
-acba04
In base 2, what is -101111110111000101 + -1100000000?
-110000000011000101
In base 6, what is 3334543 + -5340?
3325203
In base 4, what is -210 - 101232021102?
-101232021312
In base 6, what is 141052112 + -11?
141052101
In base 15, what is 4a5ae9 + c6?
4a5bc0
In base 8, what is 1 - 6176133?
-6176132
In base 12, what is 2189 + -577?
1812
In base 7, what is 5 - -104266135?
104266143
In base 3, what is 1000210111200121 - 1?
1000210111200120
In base 4, what is 3 - -301310122210?
301310122213
In base 7, what is 1 + 504641216?
504641220
In base 10, what is 468537 + -76?
468461
In base 6, what is 44142324453 + -4?
44142324445
In base 8, what is 2500213 + 130?
2500343
In base 14, what is 459d29 - -1?
459d2a
In base 3, what is 1120210 - 1011102?
102101
In base 14, what is 15d + 176?
2d5
In base 3, what is 10110102021212 + 2010?
10110102100222
In base 13, what is 1 - 38a8ac7b?
-38a8ac7a
In base 4, what is -1202 + 1232123020?
1232121212
In base 5, what is -21030 - 104231?
-130311
In base 9, what is 75045 - 51?
74884
In base 5, what is 13 - 3130012100?
-3130012032
In base 14, what is -5 + a8317bb?
a8317b6
In base 13, what is -1389a + a?
-13890
In base 12, what is 1122 + 10101?
11223
In base 12, what is -36 - 5371a?
-53754
In base 15, what is -5 - -138e82?
138e7c
In base 7, what is 4351 + 203115?
210466
In base 7, what is -66 - 13050104?
-13050203
In base 6, what is -253242 + 114?
-253124
In base 12, what is 3 - 293b63b9?
-293b63b6
In base 8, what is 57 + 17566607?
17566666
In base 5, what is -310 + -23232434?
-23233244
In base 2, what is -1011100010100001 - -10001?
-1011100010010000
In base 5, what is 3 + -302020043?
-302020040
In base 3, what is -111111010210100 - 12?
-111111010210112
In base 9, what is 42572 - -73020?
125602
In base 14, what is 9162d496 - 0?
9162d496
In base 12, what is 1784b21 - a?
1784b13
In base 12, what is 3 + 38892b?
388932
In base 16, what is -b - 97f342?
-97f34d
In base 14, what is a - ab9b18?
-ab9b0c
In base 5, what is 0 + 30042140114?
30042140114
In base 6, what is 13 + 54125305?
54125322
In base 8, what is -125037 + 2216?
-122621
In base 14, what is 74 + 19248?
192bc
In base 10, what is -5579738 + 5?
-5579733
In base 11, what is -383 + 1a5a25?
1a5652
In base 9, what is -45812 + 381?
-45421
In base 14, what is c62a13 - 5?
c62a0c
In base 3, what is 1211 - -1022102222220?
1022110001201
In base 2, what is -1111001010111110100100010100 - -10?
-1111001010111110100100010010
In base 7, what is 120422612 - 0?
120422612
In base 12, what is 106 + 115413?
115519
In base 10, what is 4 + 4460733?
4460737
In base 13, what is -16684 + -77?
-1672b
In base 7, what is -20 - 51052035?
-51052055
In base 7, what is -3022050135 + -5?
-3022050143
In base 14, what is 21177 + -747?
20830
In base 6, what is -123 + -21252451?
-21253014
In base 5, what is 3321422412 + -3?
3321422404
In base 9, what is 41 - -2168878?
2170030
In base 8, what is 75500456 - -33?
75500511
In base 15, what is 510 + 7281e?
72d2e
In base 3, what is -101011102122 - 10202?
-101011120101
In base 8, what is 37054647 - -4?
37054653
In base 9, what is -285776 - -123?
-285653
In base 2, what is 11010100010110010000 - 10100?
11010100010101111100
In base 9, what is -4 - 420248524?
-420248528
In base 9, what is 12 - 12707257?
-12707245
In base 7, what is -3104 - 556?
-3663
In base 16, what is -1524c7 - 1?
-1524c8
In base 10, what is -2 + -6631654?
-6631656
In base 9, what is -3 + -74566646?
-74566650
In base 6, what is 434032 + 541?
435013
In base 5, what is -3024033 - 231243?
-3310331
In base 11, what is -29890a + 335?
-298585
In base 12, what is 333 + 5366?
5699
In base 11, what is -43552 - 2722?
-46174
In base 8, what is 0 - 53006045?
-53006045
In base 11, what is 9a691a - -6?
9a6925
In base 9, what is 4 - -36803728?
36803733
In base 6, what is 5 - 14004005044?
-14004005035
In base 3, what is -111 + -1020202102122201?
-1020202102200012
In base 15, what is -4 + -351732?
-351736
In base 5, what is -43 - -24400130?
24400032
In base 2, what is -1011 + 10000000010001100001?
10000000010001010110
In base 5, what is 102410 - 322001?
-214041
In base 3, what is 222121 + -10200110210?
-10122111012
In base 12, what is -97 - -7215?
713a
In base 5, what is 3401 - -130320?
134221
In base 7, what is 3 - 405545465?
-405545462
In base 10, what is 157012 + -688?
156324
In base 14, what is 2459 + -1d9b?
49c
In base 8, what is 205 - 2431?
-2224
In base 4, what is -12002220 - 111222?
-12120102
In base 4, what is -1321121031213013 + 2?
-1321121031213011
In base 11, what is -4 + 12594035?
12594031
In base 16, what is -1 + -e6838f?
-e68390
In base 2, what is 100110010001110 - 100010110011111?
11011101111
In base 2, what is 10000100100010110110 + 0?
10000100100010110110
In base 7, what is 4112 + -22200?
-15055
In base 11, what is -293a3a - 20?
-293a5a
In base 3, what is 1100221012102010 - -2?
1100221012102012
In base 13, what is 1 + 7c955?
7c956
In base 11, what is -41582 - -10a5?
-40488
In base 7, what is -236466454 - -5?
-236466446
In base 8, what is 42 + -25075325?
-25075263
In base 6, what is 35 - -1033003542?
1033004021
In base 4, what is -113012 + -3330220?
-10103232
In base 14, what is 5a5 + -17d1?
-122a
In base 6, what is 122354 - -1301114?
1423512
In base 14, what is -45b1ddd - 6?
-45b2005
In base 2, what is -10100101000001 - -1010111?
-10100011101010
In base 4, what is -2 + -11123332200123?
-11123332200131
In base 3, what is 102 - -2120011222021?
2120011222200
In base 14, what is d4c4d416 + -1?
d4c4d415
In base 13, what is -1474b39 - 35?
-1474b71
In base 11, what is 19450323 - -2?
19450325
In base 5, what is -32131341 - -10211?
-32121130
In base 4, what is 23 + -311232212?
-311232123
In base 2, what is 1100100100111011 + 110101000001?
1101011001111100
In base 11, what is 783 - -52560?
53233
In base 11, what is 1 + a1654535?
a1654536
In base 9, what is 670 + -7102?
-6322
In base 15, what is e5379 - 21?
e5358
In base 3, what is -11 + 200212211002020?
200212211002002
In base 16, what is -292 + 988d?
95fb
In base 2, what is 10 - 100001001011001111010110?
-100001001011001111010100
In base 3, what is -11100100 + 22202100?
11102000
In base 14, what is -10ad + -58c9?
-6998
In base 16, what is c1527 - 3d?
c14ea
In base 12, what is 125b440 -